{"id":14,"date":"2025-03-08T01:26:14","date_gmt":"2025-03-08T01:26:14","guid":{"rendered":"http:\/\/junostar2.dothome.co.kr\/?page_id=14"},"modified":"2025-03-14T15:04:41","modified_gmt":"2025-03-14T15:04:41","slug":"committee","status":"publish","type":"page","link":"https:\/\/www.ipnc.net\/?page_id=14","title":{"rendered":"Committee"},"content":{"rendered":"\n<p><strong><u> Executive Committee<\/u><\/strong><\/p>\n\n\n\n<figure class=\"wp-block-table\"><table class=\"has-fixed-layout\"><tbody><tr><td><strong>Name<\/strong><\/td><td><strong>Contact<\/strong><\/td><td><strong>Affiliation<\/strong><strong><\/strong><\/td><td><strong>Photo<\/strong><\/td><td><strong>Biography<\/strong><\/td><\/tr><tr><td>Chittarajan Kole<\/td><td><a href=\"mailto:ckoleorg@gmail.com\">ckoleorg@gmail.com<\/a> &nbsp;<\/td><td>Department of Atomic Energy, Government of India, New Delhi, India.<strong><\/strong><\/td><td><img loading=\"lazy\" decoding=\"async\" width=\"150\" height=\"164\" class=\"wp-image-53\" style=\"width: 150px;\" src=\"http:\/\/junostar2.dothome.co.kr\/wp-content\/uploads\/2025\/03\/Chittarajan-Kole.jpg\" alt=\"\"><\/td><td>Founding Principal Coordinator and President<strong><\/strong><\/td><\/tr><tr><td>Yong Pyo Lim<\/td><td><a href=\"mailto:yplim@cnu.ac.kr\">yplim@cnu.ac.kr<\/a><\/td><td>Department of&nbsp; Horticulture, College of Agriculture and Life Sciences, Chungnam National University, Daejeon,&nbsp;&nbsp; South Korea.<\/td><td><img loading=\"lazy\" decoding=\"async\" width=\"150\" height=\"199\" class=\"wp-image-62\" style=\"width: 150px;\" src=\"http:\/\/junostar2.dothome.co.kr\/wp-content\/uploads\/2025\/03\/Yong-Pyo-Lim.jpg\" alt=\"\" srcset=\"https:\/\/www.ipnc.net\/wp-content\/uploads\/2025\/03\/Yong-Pyo-Lim.jpg 321w, https:\/\/www.ipnc.net\/wp-content\/uploads\/2025\/03\/Yong-Pyo-Lim-226x300.jpg 226w\" sizes=\"auto, (max-width: 150px) 100vw, 150px\" \/><\/td><td>Principal Coordinator and Secretary<strong><\/strong><\/td><\/tr><\/tbody><\/table><\/figure>\n\n\n\n<p><strong><u> Organizing Committee<\/u><\/strong><\/p>\n\n\n\n<figure class=\"wp-block-table\"><table class=\"has-fixed-layout\"><tbody><tr><td><strong>Name<\/strong><\/td><td><strong>Contact<\/strong><\/td><td><strong>Affiliation<\/strong><strong><\/strong><\/td><td><strong>Photo<\/strong><\/td><\/tr><tr><td>Thomas Gradziel<strong><\/strong><\/td><td><a href=\"mailto:tmgradziel@ucdavis.edu\">tmgradziel@ucdavis.edu<\/a><\/td><td>Department of Plant Sciences University of California Davis, California, USA <strong>&nbsp;<\/strong><\/td><td><img loading=\"lazy\" decoding=\"async\" width=\"150\" height=\"146\" class=\"wp-image-56\" style=\"width: 150px;\" src=\"http:\/\/junostar2.dothome.co.kr\/wp-content\/uploads\/2025\/03\/Thomas-Gradziel.jpg\" alt=\"\"><\/td><\/tr><tr><td>Massimo Iorizzo<strong><\/strong><\/td><td><a href=\"mailto:miorizz@ncsu.edu\">miorizz@ncsu.edu<\/a> &nbsp;<strong>&nbsp;<\/strong><\/td><td><strong>&nbsp;<\/strong><\/td><td><strong>&nbsp;<\/strong><\/td><\/tr><tr><td>Pedro Martinez Gomez<strong><\/strong><\/td><td><a href=\"mailto:pmartinez@cebas.csic.es\">pmartinez@cebas.csic.es<\/a><\/td><td>Department of Plant Breeding CEBAS-CSIC Murcia SPAIN <strong>&nbsp;<\/strong><\/td><td><img loading=\"lazy\" decoding=\"async\" width=\"150\" height=\"164\" class=\"wp-image-55\" style=\"width: 150px;\" src=\"http:\/\/junostar2.dothome.co.kr\/wp-content\/uploads\/2025\/03\/Pedro-Martinez-Gomez.jpg\" alt=\"\" srcset=\"https:\/\/www.ipnc.net\/wp-content\/uploads\/2025\/03\/Pedro-Martinez-Gomez.jpg 303w, https:\/\/www.ipnc.net\/wp-content\/uploads\/2025\/03\/Pedro-Martinez-Gomez-274x300.jpg 274w\" sizes=\"auto, (max-width: 150px) 100vw, 150px\" \/><\/td><\/tr><tr><td>Hongmei Miao<strong><\/strong><\/td><td><a href=\"mailto:miaohongmeichina@yahoo.com\">miaohongmeichina@yahoo.com<\/a><\/td><td><strong>&nbsp;<\/strong><\/td><td><strong>&nbsp;<\/strong><\/td><\/tr><tr><td>Nitin Mantri<strong><\/strong><\/td><td><a href=\"mailto:nitin.mantri@rmit.edu.au\">nitin.mantri@rmit.edu.au<\/a><\/td><td>Department: School of Science, RMIT University, Melbourne, &nbsp;Australia <strong>&nbsp;<\/strong><\/td><td><img loading=\"lazy\" decoding=\"async\" width=\"150\" height=\"228\" class=\"wp-image-54\" style=\"width: 150px;\" src=\"http:\/\/junostar2.dothome.co.kr\/wp-content\/uploads\/2025\/03\/Nitin-Mantri.jpg\" alt=\"\"><\/td><\/tr><tr><td>Chang Liu<strong><\/strong><\/td><td><a href=\"mailto:cliu6688@yahoo.com\">cliu6688@yahoo.com<\/a><\/td><td>Center for Bioinformatics Institute of Medicinal Plant Development Chinese Academy of Medical Science Beijing, China, 100193 <strong>&nbsp;<\/strong><\/td><td><img loading=\"lazy\" decoding=\"async\" width=\"150\" height=\"193\" class=\"wp-image-52\" style=\"width: 150px;\" src=\"http:\/\/junostar2.dothome.co.kr\/wp-content\/uploads\/2025\/03\/Chang-Liu.jpg\" alt=\"\" srcset=\"https:\/\/www.ipnc.net\/wp-content\/uploads\/2025\/03\/Chang-Liu.jpg 262w, https:\/\/www.ipnc.net\/wp-content\/uploads\/2025\/03\/Chang-Liu-233x300.jpg 233w\" sizes=\"auto, (max-width: 150px) 100vw, 150px\" \/><\/td><\/tr><\/tbody><\/table><\/figure>\n\n\n\n<p><strong><u> General Members<\/u><\/strong><\/p>\n\n\n\n<figure class=\"wp-block-table\"><table class=\"has-fixed-layout\"><tbody><tr><td>Members<\/td><td>E-mail<\/td><td>Affiliation<\/td><td>\u3000Photo<\/td><\/tr><tr><td>Masaru Ohme-Takagi<\/td><td><a href=\"mailto:m-takagi@aist.go.jp\">m-takagi@aist.go.jp<\/a><\/td><td>Bio production Research Institute, National Institute of Advanced Industrial Science and Technology, Central 4, 1-1-1 Higashi, Tsukuba, Ibaraki 305-8562, Japan<\/td><td>\u3000<\/td><\/tr><tr><td>Hajime Mizukami<\/td><td><a href=\"mailto:hajimem@phar.nagoya-cu.ac.jp\">hajimem@phar.nagoya-cu.ac.jp<\/a><\/td><td>Department of Pharmacognosy, Graduate School of Pharmaceutical Sciences, Nagoya City University, Japan<\/td><td>\u3000<\/td><\/tr><tr><td>Hideo Matsumura<\/td><td><a href=\"mailto:hideoma@shinshu-u.ac.jp\">hideoma@shinshu-u.ac.jp<\/a><\/td><td>Shinshu University, Ueda, Japan<\/td><td>\u3000<\/td><\/tr><tr><td>Byoung-Cheorl Kang<\/td><td><a href=\"mailto:bckang67@gmail.com\">bckang67@gmail.com<\/a><\/td><td>Department of Horticulture, Seoul National University, Korea<\/td><td>\u3000<\/td><\/tr><tr><td>Alberto Acquadro<\/td><td>alberto.acquadro@unito.it<\/td><td>DISAFA, Plant Genetics and Breeding, University of Torino, Grugliasco, Italy<\/td><td>\u3000<\/td><\/tr><tr><td>Masayoshi Shigyo<\/td><td>shigyo@yamaguchi-u.ac.jp<\/td><td>Yamaguchi University, Yamaguchi-City, Yamaguchi, Japan<\/td><td>\u3000<\/td><\/tr><tr><td>Shelby Ellison<\/td><td>Shelby.Ellison@ars.usda.gov<\/td><td>USDA-ARS, Madison, WI, USA<\/td><td>\u3000<\/td><\/tr><tr><td>Richard J. Harrison<\/td><td><a href=\"mailto:richard.harrison@emr.ac.uk\">richard.harrison@emr.ac.uk<\/a><\/td><td>NIAB, Cambridge, UK<\/td><td>\u3000<\/td><\/tr><tr><td>Pablo D. Rabinowicz<\/td><td>pdrabinowicz@gmail.com<\/td><td>Institute for Genome Sciences (IGS), University of Maryland School of Medicine, Baltimore, MD, USA<\/td><td>\u3000<\/td><\/tr><tr><td>Nirala Ramchiary<\/td><td>nrudsc@gmail.com<\/td><td>Department of Biotechnology, Delhi Technological University, New Delhi, India<\/td><td>\u3000<\/td><\/tr><tr><td>Philipp W. Simon<\/td><td>psimon@wisc.edu<\/td><td>USDA-ARS and University of Wisconsin-Madison, Department of Horticulture, 1575 Linden Drive, Madison, WI 53706, USA<\/td><td>\u3000<\/td><\/tr><tr><td>\u202aDariusz Grzebelus<\/td><td>d.grzebelus@ogr.ur.krakow.pl<\/td><td>Institute of Plant Biology and Biotechnology, University of Agriculture in Krakow, Krakow, Poland.<\/td><td>\u3000<\/td><\/tr><tr><td>Korban S. Schuyler<\/td><td><a href=\"mailto:korban@illinois.edu\">korban@illinois.edu<\/a><\/td><td>Natural Resources and Environmental Sciences, University of Illinois, Urbana-Champaign, IL, USA<\/td><td>\u3000<\/td><\/tr><tr><td>Zhihong Gao<\/td><td><a href=\"mailto:gaozhihong@njau.edu.cn\">gaozhihong@njau.edu.cn<\/a><\/td><td>College of Horticulture, Nanjing Agricultural University, Nanjing, Jiangsu, China<\/td><td>\u3000<\/td><\/tr><tr><td>Shanfa Lu<\/td><td>sflu2004@aliyun.com<\/td><td>Institute of Medicinal Plant Development, Chinese Academy of Medical Sciences &amp; Peking Union Medical College, China<\/td><td>\u3000<\/td><\/tr><tr><td>Malali Gowda<\/td><td><a href=\"mailto:malalig@tdu.edu.in\">malalig@tdu.edu.in<\/a><\/td><td>Trans-Disciplinary University (TDU), Bengaluru, Karnataka, India<\/td><td>\u3000<\/td><\/tr><tr><td>Sheetal Ambardar<\/td><td><a href=\"mailto:sheetalambardar@gmail.com\">sheetalambardar@gmail.com<\/a><\/td><td>School of Biotechnology, University of Jammu, J&amp;K, India<\/td><td>\u3000<\/td><\/tr><tr><td>Dario Cantu<\/td><td><a href=\"mailto:dacantu@ucdavis.edu\">dacantu@ucdavis.edu<\/a><\/td><td>University of California Davis, CA, USA<\/td><td>\u3000<\/td><\/tr><tr><td>Andrew Walker<\/td><td><a href=\"mailto:awalker@ucdavis.edu\">awalker@ucdavis.edu<\/a><\/td><td>University of California Davis, CA, USA<\/td><td>\u3000<\/td><\/tr><tr><td>Hieu Cao<\/td><td>xuan.cao@biologie.uni-halle.de<\/td><td>Institut f\u00fcr Biologie, Martin-Luther-Universit\u00e4t Halle-Wittenberg, Naturwissenschaftliche Fakult\u00e4t I, Biowissenschaften, Germany<\/td><td>\u3000<\/td><\/tr><tr><td>Paul Fourounjian<\/td><td>pjf99@scarletmail.rutgers.edu<\/td><td>Waksman Institute of Microbiology, Rutgers. University, Piscataway, USA<\/td><td>\u3000<\/td><\/tr><tr><td>Wenqin Wang<\/td><td>wang2015@sjtu.edu.cn<\/td><td>Shanghai Jiao Tong University,&nbsp;Shanghai, China<\/td><td>\u3000<\/td><\/tr><tr><td>Alessandra Gentile<\/td><td>gentilea@unict.it<\/td><td>Department of Agriculture, Food and Environment, University of Catania, Catania, Italy<\/td><td>\u3000<\/td><\/tr><tr><td>La Malfa Stefano Giovanni<\/td><td>slamalfa@unict.it<\/td><td>Department of Agriculture, Food and Environment, University of Catania, Catania, Italy<\/td><td>\u3000<\/td><\/tr><tr><td>Deng Ziniu<\/td><td>deng7009@163.com<\/td><td>Hunan Agricultural University, Hunan, China<\/td><td>\u3000<\/td><\/tr><tr><td>Maizura Binti Ithnin<\/td><td>maizura@mpob.gov.my<\/td><td>Advanced Biotechnology and Breeding Centre (ABBC),Selangor, Malaysia<\/td><td>\u3000<\/td><\/tr><tr><td>Haiyang Zhang<\/td><td>zhy@hnagri.org.cn<\/td><td>Henan Sesame Research Center, Henan Academy of Agricultural Sciences, Zhengzhou, China<\/td><td>\u3000<\/td><\/tr><tr><td>Raquel Sanchez Perez<\/td><td><a href=\"mailto:rsanchez@cebas.csic.es\">rsanchez@cebas.csic.es<\/a><\/td><td>Plant Breeding Department, CEBAS-CSIC, Spain<\/td><td>\u3000<\/td><\/tr><tr><td>Angel Fern\u00e1ndez i Mart\u00ed<\/td><td>Spainafernandezmarti@aragon.es<\/td><td>Davis Genome Center-GBSF, University of California Davis, California, USA<\/td><td>\u3000<\/td><\/tr><tr><td>Jiang Xu<\/td><td>jxu@icmm.ac.cn<\/td><td>Institute of Chinese Materia Medica, China Academy of Chinese Medical Sciences, Beijing, China<\/td><td>\u3000<\/td><\/tr><tr><td>Hu Haoyu<\/td><td>hyhu@icmm.ac.cn<\/td><td>Institute of Chinese Materia Medica, China Academy of Chinese Medicinal Sciences, Beijing , China<\/td><td>\u3000<\/td><\/tr><tr><td>Tae-Jin Yang<\/td><td>tjyang@snu.ac.kr<\/td><td>Department of Plant Science \/ Program in Crop Science and Biotechnology, Seoul National University, Seoul, S. Korea<\/td><td>\u3000<\/td><\/tr><tr><td>Dinesh Adhikary<\/td><td>dinesh.adhikary@ubc.ca<\/td><td>University of Alberta, Edmonton, Canada<\/td><td>\u3000<\/td><\/tr><tr><td>Michael Deyholos<\/td><td>michael.deyholos@ubc.ca<\/td><td>Department of Biology, University of British Columbia, Vancouver, Canada<\/td><td>\u3000<\/td><\/tr><tr><td>John Paul Delano Frier<\/td><td>john.delano@cinvestav.mx<\/td><td>Center for Research and Advanced Studies, National Polytechnic Institute of Mexico (CINVESTAV), M\u00e9xico City, Mexico<\/td><td>\u3000<\/td><\/tr><tr><td>RAJESH MK<\/td><td>rajesh.mk@icar.gov.in mkraju.cpcri@gmail.com<\/td><td>ICAR-CPCRI, Kasaragod, Kerala, India<\/td><td>\u3000<\/td><\/tr><tr><td>Ramesh S V<\/td><td>rameshsvbio@gmail.com&nbsp;&nbsp;&nbsp; ramesh.sv@icar.gov.in<\/td><td>ICAR-Directorate of Soybean Research, Indore, Madya Pradesh, India<\/td><td>\u3000<\/td><\/tr><tr><td>kanthaperera<\/td><td>kanthaperera@yahoo.com<\/td><td>Institute of Sri Lanka, Lunuwila, Sri Lanka<\/td><td>\u3000<\/td><\/tr><tr><td>Fure-Chyi Chen<\/td><td>fchen@mail.npust.edu.tw<\/td><td>Department of Plant Industry, National Pingtung University of Science and Technology, Taiwan<\/td><td>\u3000<\/td><\/tr><tr><td>Sandra M. Schmoeckel<\/td><td>sandra.schmoeckel@kaust.edu.sa<\/td><td>Division of Biological and Environmental Sciences and Engineering (BESE), King Abdullah University of Science and Technology (KAUST),&nbsp; Thuwal, Saudi Arabia<\/td><td>\u3000<\/td><\/tr><tr><td>Mahesh HB<\/td><td>maheshhbg@gmail.com<\/td><td>Center for Genomics Discovery, Trans Disciplinary University, Bengaluru, India<\/td><td>\u3000<\/td><\/tr><tr><td>David Ruiz<\/td><td><a href=\"mailto:druiz@cebas.csic.es\">druiz@cebas.csic.es<\/a><\/td><td>CEBAS-CSIC, Spain.<\/td><td>\u3000<\/td><\/tr><tr><td>Francesco Mercati<\/td><td>francesco.mercati@ibbr.cnr.it<\/td><td>National Research Council of Italy, Institute of Biosciences and Bio-Resources, Italy<\/td><td>\u3000<\/td><\/tr><tr><td>Francesco Sunseri<\/td><td>francesco.sunseri@unirc.it<\/td><td>Department of Agricultural Science, Mediterranean University of Reggio Calabria, Reggio Calabria, Italy<\/td><td>\u3000<\/td><\/tr><tr><td>James H. Leebens-Mack<\/td><td>jleebensmack@uga.edu<\/td><td>Department of Plant Biology, University of Georgia, Athens, GA, USA<\/td><td>\u3000<\/td><\/tr><tr><td>Noelani van den Berg<\/td><td>noelani.vandenberg@up.ac.za<\/td><td>Department of Genetics, Forestry and Agricultural Biotechnology Institute (FABI), University of Pretoria, Pretoria, South Africa<\/td><td>\u3000<\/td><\/tr><tr><td>V B Reddy Lachagari<\/td><td>vb.reddy@aggenome.com<\/td><td>Agri-Genome Labs Pvt Ltd, Hyderabad, Telangana, India<\/td><td>\u3000<\/td><\/tr><tr><td>K K Sabu<\/td><td>sabu@jntbgri.res.in<\/td><td>Biotechnology &amp; Bioinformatics Division, Jawaharlal Nehru Tropical Botanic Garden and Research Institute, Thiruvananthapuram, Kerala, India<\/td><td>\u3000<\/td><\/tr><tr><td>Latha Rangan<\/td><td>lrangan@iitg.ac.in<\/td><td>Department of Biosciences and Bioengineering, Indian Institute of Technology, Guwahati, India<\/td><td>\u3000<\/td><\/tr><tr><td>Nolan Coburn Kane<\/td><td>nolan.kane@colorado.edu<\/td><td>Ecology and Evolutionary Biology, College of Arts and Sciences, University of Colorado, Boulder, Colorado<\/td><td>\u3000<\/td><\/tr><tr><td>Hendrix A David&nbsp;<\/td><td>david.hendrix@oregonstate.edu<\/td><td>School of Electrical Engineering and Computer Science, Oregon State University, USA<\/td><td>\u3000<\/td><\/tr><tr><td>Paul D. Matthews<\/td><td>pmatthews@hopsteiner.com<\/td><td>S.S. Steiner, Inc. Washington, USA<\/td><td>\u3000<\/td><\/tr><tr><td>Chen Shi-Lin<\/td><td>chenshilin@icmm.ac.cn<\/td><td>College of Pharmacy, Hubei University of Chinese Medicine, Wuhan, China<\/td><td>\u3000<\/td><\/tr><tr><td>Ian A. Graham<\/td><td>ian.graham@york.ac.uk<\/td><td>Department of Biology, University of York, York, England<\/td><td>\u3000<\/td><\/tr><tr><td>Kai Ye<\/td><td>kaiye@xjtu.edu.cn<\/td><td>Omics And Omics Informatics, Xi&#8217;an Jiaotong University, Xi&#8217;an, Shaanxi, China<\/td><td>\u3000<\/td><\/tr><tr><td>Pedro Martinez Garcia<\/td><td>pjmartinezgarcia@ucdavis.edu<\/td><td>Department of Plant Sciences, University of California Davis, Davis, California, United States of America<\/td><td>\u3000<\/td><\/tr><tr><td>Salih Kafkas<\/td><td>salihkafkas@gmail.com<\/td><td>University of Cukurova, Adana, Turkey<\/td><td>\u3000<\/td><\/tr><tr><td>Dan Edward Parfitt<\/td><td><a href=\"mailto:deparfitt@ucdavis.edu\">deparfitt@ucdavis.edu<\/a><\/td><td>Department of Plant Sciences, University of California Davis, Davis, California, United States of America<\/td><td>\u3000<\/td><\/tr><tr><td>Z. Yuan<\/td><td>zhyuan88@hotmail.com<\/td><td>College of Forestry, Nanjing Forestry University, Nanjing Jiangsu, China<\/td><td>\u3000<\/td><\/tr><tr><td>Jyoti Vakhlu<\/td><td>jyotivakhlu@gmail.com<\/td><td>School of Biotechnology, University of Jammu, Jammu, India<\/td><td>\u3000<\/td><\/tr><tr><td>Seyed Alireza Salami Salami<\/td><td>asalami@ut.ac.ir<\/td><td>Department of Horticulture Sciences, University of Tehran, Karaj, Iran<\/td><td>\u3000<\/td><\/tr><tr><td>Barbey R. Christopher<\/td><td>cbarbey@ufl.edu<\/td><td>Horticultural Sciences Department, University of Florida, Gainesville FL USA<\/td><td>\u3000<\/td><\/tr><tr><td>Folta M. Kevin<\/td><td>kfolta@ufl.edu<\/td><td>Horticultural Sciences Department, University of Florida, Gainesville FL USA<\/td><td>\u3000<\/td><\/tr><tr><td>Gao Lizhi<\/td><td>lgao@mail.kib.ac.cn<\/td><td>Kunming Institute of Botany, CAS, Yunnan, China<\/td><td>\u3000<\/td><\/tr><tr><td>Annarita Marrano<\/td><td>amarrano@ucdavis.edu<\/td><td>Department of&nbsp; Plant Sciences, UC Davis, Davis, CA, USA<\/td><td>\u3000<\/td><\/tr><tr><td>Pat J. Brown<\/td><td>pjbrown@ucdavis.edu<\/td><td>Department of&nbsp; Plant Sciences, UC Davis, Davis, CA, USA<\/td><td>\u3000<\/td><\/tr><tr><td>Adebola Patrick<\/td><td>P.Adebola@cgiar.org<\/td><td>IITA Headquarters, Ibadan, Oyo State, Nigeria<\/td><td>\u3000<\/td><\/tr><tr><td>Gedil, Melaku<\/td><td>M.Gedil@cgiar.org<\/td><td>IITA Headquarters, Ibadan, Oyo State, Nigeria<\/td><td>\u3000<\/td><\/tr><tr><td>Ryohei Terauchi<\/td><td>terauchi@ibrc.or.jp<\/td><td>Department of Genomics and Breeding, Iwate Biotechnology Research Center, Iwate, Japan.<\/td><td>\u3000<\/td><\/tr><tr><td>Alexandre de Kochko<\/td><td>alexandre.dekochko@ird.fr<\/td><td>IRD, UMR Diversit\u00e9 Adaptation et D\u00e9veloppement des Plantes (CIRAD, IRD, UM2),Montpellier, France.<\/td><td>\u3000<\/td><\/tr><tr><td>Serge Hamon<\/td><td>serge.hamon@ird.fr<\/td><td>IRD, UMR Diversit\u00e9 Adaptation et D\u00e9veloppement des Plantes (CIRAD, IRD, UM2),Montpellier, France.<\/td><td>\u3000<\/td><\/tr><tr><td>Oliveiro Guerreiro Filho<\/td><td><a href=\"mailto:oliveiro@iac.sp.gov.br\">oliveiro@iac.sp.gov.br<\/a><\/td><td>Instituto Agron\u00f4mico de Campinas &#8211; IAC, Campinas-SP, Brasil<\/td><td>\u3000<\/td><\/tr><tr><td>Jana Jeevan Rameneni<\/td><td>saijeevan7@gmail.com<\/td><td>Department of Horticulture, Chungnam National University, Daejeon, S. Korea<\/td><td>\u3000<\/td><\/tr><tr><td>Su Ryun Choi<\/td><td>srchoi@cnu.ac.kr<\/td><td>Department of Horticulture, Chungnam National University, Daejeon, S. Korea<\/td><td>\u3000<\/td><\/tr><tr><td>So Young Yi<\/td><td>yisy@cnu.ac.kr<\/td><td>Department of Horticulture, Chungnam National University, Daejeon, S. Korea<\/td><td>\u3000<\/td><\/tr><tr><td>Sushil Chhapekar<\/td><td>sushilchhapekar@gmail.com<\/td><td>Department of Horticulture, Chungnam National University, Daejeon, S. Korea<\/td><td>\u3000<\/td><\/tr><tr><td>Sonam<\/td><td>sonamsingh688@gmail.com<\/td><td>Department of Horticulture, Chungnam National University, Daejeon, S. Korea<\/td><td>\u3000<\/td><\/tr><tr><td>Surabhi Tiwari<\/td><td><a href=\"mailto:surabhitiwari55@gmail.com\">surabhitiwari55@gmail.com<\/a><\/td><td>Pharmacognosy and Ethno-pharmacology Division, CSIR-National Botanical Research Institute, Lucknow, India<\/td><td>\u3000<\/td><\/tr><tr><td>Mahesh Kumar Sharma<\/td><td>maheshsharma75481@gmail.com<\/td><td>Department of Horticulture, SKN Agriculture University, Jobner, Jaipur<\/td><td>\u3000<\/td><\/tr><tr><td>M. Samuel Jeberson<\/td><td>samuel8142@gmail.com<\/td><td>Directorate of Research, Central Agricultural University, Imphal, Manipur<\/td><td>\u3000<\/td><\/tr><tr><td>Meenakshi Singh<\/td><td>meenakshi@csir.res.in<\/td><td>Technology Management Directorate \u2013 SeMI&nbsp; (Socio-economic&nbsp; Ministry Interface), Council of Scientific &amp; Industrial Research, New Delhi<\/td><td>\u3000<\/td><\/tr><\/tbody><\/table><\/figure>\n\n\n\n<p><\/p>\n\n\n\n<p><\/p>\n","protected":false},"excerpt":{"rendered":"<p>Executive Committee Name Contact Affiliation Photo Biography Chittarajan Kole ckoleorg@gmail.com &nbsp; Department of Atomic Energy, Government of India,<\/p>\n","protected":false},"author":1,"featured_media":0,"parent":0,"menu_order":0,"comment_status":"closed","ping_status":"closed","template":"","meta":{"footnotes":""},"class_list":["post-14","page","type-page","status-publish","hentry"],"_links":{"self":[{"href":"https:\/\/www.ipnc.net\/index.php?rest_route=\/wp\/v2\/pages\/14","targetHints":{"allow":["GET"]}}],"collection":[{"href":"https:\/\/www.ipnc.net\/index.php?rest_route=\/wp\/v2\/pages"}],"about":[{"href":"https:\/\/www.ipnc.net\/index.php?rest_route=\/wp\/v2\/types\/page"}],"author":[{"embeddable":true,"href":"https:\/\/www.ipnc.net\/index.php?rest_route=\/wp\/v2\/users\/1"}],"replies":[{"embeddable":true,"href":"https:\/\/www.ipnc.net\/index.php?rest_route=%2Fwp%2Fv2%2Fcomments&post=14"}],"version-history":[{"count":5,"href":"https:\/\/www.ipnc.net\/index.php?rest_route=\/wp\/v2\/pages\/14\/revisions"}],"predecessor-version":[{"id":162,"href":"https:\/\/www.ipnc.net\/index.php?rest_route=\/wp\/v2\/pages\/14\/revisions\/162"}],"wp:attachment":[{"href":"https:\/\/www.ipnc.net\/index.php?rest_route=%2Fwp%2Fv2%2Fmedia&parent=14"}],"curies":[{"name":"wp","href":"https:\/\/api.w.org\/{rel}","templated":true}]}}